{"id":424,"date":"2025-08-14T15:48:28","date_gmt":"2025-08-14T19:48:28","guid":{"rendered":"https:\/\/mirelyscreations.com\/woocommerce\/?post_type=product&#038;p=424"},"modified":"2026-02-15T17:35:33","modified_gmt":"2026-02-15T21:35:33","slug":"jabon-de-leche-de-cabra-yogur-natural","status":"publish","type":"product","link":"https:\/\/mirelyscreations.com\/woocommerce\/shop\/jabon-de-leche-de-cabra-yogur-natural\/","title":{"rendered":"Jab\u00f3n de Leche de Cabra &#038; Yogur Natural"},"content":{"rendered":"<h3 data-start=\"163\" data-end=\"211\">\ud83e\uddfc Jab\u00f3n de Leche de Cabra &amp; Yogur Natural<\/h3>\n<p data-start=\"212\" data-end=\"259\"><strong data-start=\"212\" data-end=\"259\">Hidrataci\u00f3n profunda y suavidad excepcional<\/strong><\/p>\n<p data-start=\"261\" data-end=\"534\">Descubre el poder nutritivo de la leche de cabra combinada con la cremosidad del yogur natural en este jab\u00f3n artesanal saponificado en fr\u00edo. Su f\u00f3rmula delicada est\u00e1 dise\u00f1ada para brindar una experiencia suave, hidratante y equilibrada, ideal para pieles sensibles o secas.<\/p>\n<p data-start=\"536\" data-end=\"557\"><strong data-start=\"536\" data-end=\"557\">Beneficios clave:<\/strong><\/p>\n<ul data-start=\"558\" data-end=\"899\">\n<li data-start=\"558\" data-end=\"645\">\n<p data-start=\"560\" data-end=\"645\">\ud83d\udc10 <em data-start=\"563\" data-end=\"579\">Leche de cabra<\/em>: rica en vitaminas y \u00e1cidos grasos que nutren y suavizan la piel.<\/p>\n<\/li>\n<li data-start=\"646\" data-end=\"757\">\n<p data-start=\"648\" data-end=\"757\">\ud83e\udd5b <em data-start=\"651\" data-end=\"666\">Yogur natural<\/em>: excelente fuente de \u00e1cido l\u00e1ctico, ideal para una exfoliaci\u00f3n suave y renovaci\u00f3n celular.<\/p>\n<\/li>\n<li data-start=\"758\" data-end=\"822\">\n<p data-start=\"760\" data-end=\"822\">\u2728 Textura cremosa con espuma abundante que limpia sin resecar.<\/p>\n<\/li>\n<li data-start=\"823\" data-end=\"899\">\n<p data-start=\"825\" data-end=\"899\">\ud83c\udf3f Enriquecido con aceites naturales como oliva, coco y manteca de karit\u00e9.<\/p>\n<\/li>\n<\/ul>\n<p data-start=\"901\" data-end=\"977\"><strong data-start=\"901\" data-end=\"919\">Perfecto para:<\/strong> uso diario en rostro y cuerpo. Apto para toda la familia.<\/p>\n","protected":false},"excerpt":{"rendered":"<p data-start=\"536\" data-end=\"557\"><strong data-start=\"536\" data-end=\"557\">Beneficios clave:<\/strong><\/p>\n<ul data-start=\"558\" data-end=\"899\">\n<li data-start=\"558\" data-end=\"645\">\n<p data-start=\"560\" data-end=\"645\">\ud83d\udc10 <em data-start=\"563\" data-end=\"579\">Leche de cabra<\/em>: rica en vitaminas y \u00e1cidos grasos que nutren y suavizan la piel.<\/p>\n<\/li>\n<li data-start=\"646\" data-end=\"757\">\n<p data-start=\"648\" data-end=\"757\">\ud83e\udd5b <em data-start=\"651\" data-end=\"666\">Yogur natural<\/em>: excelente fuente de \u00e1cido l\u00e1ctico, ideal para una exfoliaci\u00f3n suave y renovaci\u00f3n celular.<\/p>\n<\/li>\n<li data-start=\"758\" data-end=\"822\">\n<p data-start=\"760\" data-end=\"822\">\u2728 Textura cremosa con espuma abundante que limpia sin resecar.<\/p>\n<\/li>\n<li data-start=\"823\" data-end=\"899\">\n<p data-start=\"825\" data-end=\"899\">\ud83c\udf3f Enriquecido con aceites naturales como oliva, coco y manteca de karit\u00e9.<\/p>\n<\/li>\n<\/ul>\n<p data-start=\"901\" data-end=\"977\"><strong data-start=\"901\" data-end=\"919\">Perfecto para:<\/strong> uso diario en rostro y cuerpo. Apto para toda la familia.<\/p>\n","protected":false},"featured_media":1113,"comment_status":"open","ping_status":"closed","template":"","meta":{"om_disable_all_campaigns":false,"_uag_custom_page_level_css":"","_monsterinsights_skip_tracking":false,"_monsterinsights_sitenote_active":false,"_monsterinsights_sitenote_note":"","_monsterinsights_sitenote_category":0},"product_brand":[],"product_cat":[22],"product_tag":[25],"class_list":{"0":"post-424","1":"product","2":"type-product","3":"status-publish","4":"has-post-thumbnail","6":"product_cat-soaps","7":"product_tag-soaps","9":"first","10":"instock","11":"shipping-taxable","12":"purchasable","13":"product-type-simple"},"aioseo_notices":[],"uagb_featured_image_src":{"full":["https:\/\/i0.wp.com\/mirelyscreations.com\/woocommerce\/wp-content\/uploads\/2025\/08\/85919.jpg?fit=1920%2C2560&ssl=1",1920,2560,false],"thumbnail":["https:\/\/i0.wp.com\/mirelyscreations.com\/woocommerce\/wp-content\/uploads\/2025\/08\/85919.jpg?resize=280%2C280&ssl=1",280,280,true],"medium":["https:\/\/i0.wp.com\/mirelyscreations.com\/woocommerce\/wp-content\/uploads\/2025\/08\/85919.jpg?fit=300%2C400&ssl=1",300,400,true],"medium_large":["https:\/\/i0.wp.com\/mirelyscreations.com\/woocommerce\/wp-content\/uploads\/2025\/08\/85919.jpg?fit=768%2C1024&ssl=1",768,1024,true],"large":["https:\/\/i0.wp.com\/mirelyscreations.com\/woocommerce\/wp-content\/uploads\/2025\/08\/85919.jpg?fit=600%2C800&ssl=1",600,800,true],"1536x1536":["https:\/\/i0.wp.com\/mirelyscreations.com\/woocommerce\/wp-content\/uploads\/2025\/08\/85919.jpg?fit=1152%2C1536&ssl=1",1152,1536,true],"2048x2048":["https:\/\/i0.wp.com\/mirelyscreations.com\/woocommerce\/wp-content\/uploads\/2025\/08\/85919.jpg?fit=1536%2C2048&ssl=1",1536,2048,true],"mailpoet_newsletter_max":["https:\/\/i0.wp.com\/mirelyscreations.com\/woocommerce\/wp-content\/uploads\/2025\/08\/85919.jpg?fit=1320%2C1760&ssl=1",1320,1760,true],"woocommerce_thumbnail":["https:\/\/i0.wp.com\/mirelyscreations.com\/woocommerce\/wp-content\/uploads\/2025\/08\/85919.jpg?resize=247%2C247&ssl=1",247,247,true],"woocommerce_single":["https:\/\/i0.wp.com\/mirelyscreations.com\/woocommerce\/wp-content\/uploads\/2025\/08\/85919.jpg?fit=510%2C680&ssl=1",510,680,true],"woocommerce_gallery_thumbnail":["https:\/\/i0.wp.com\/mirelyscreations.com\/woocommerce\/wp-content\/uploads\/2025\/08\/85919.jpg?resize=100%2C100&ssl=1",100,100,true]},"uagb_author_info":{"display_name":"MCreations","author_link":"https:\/\/mirelyscreations.com\/woocommerce\/profile\/"},"uagb_comment_info":0,"uagb_excerpt":"Beneficios clave: \ud83d\udc10 Leche de cabra: rica en vitaminas y \u00e1cidos grasos que nutren y suavizan la piel. \ud83e\udd5b Yogur natural: excelente fuente de \u00e1cido l\u00e1ctico, ideal para una exfoliaci\u00f3n suave y renovaci\u00f3n celular. \u2728 Textura cremosa con espuma abundante que limpia sin resecar. \ud83c\udf3f Enriquecido con aceites naturales como oliva, coco y manteca de&hellip;","jetpack_sharing_enabled":true,"_links":{"self":[{"href":"https:\/\/mirelyscreations.com\/woocommerce\/wp-json\/wp\/v2\/product\/424","targetHints":{"allow":["GET"]}}],"collection":[{"href":"https:\/\/mirelyscreations.com\/woocommerce\/wp-json\/wp\/v2\/product"}],"about":[{"href":"https:\/\/mirelyscreations.com\/woocommerce\/wp-json\/wp\/v2\/types\/product"}],"replies":[{"embeddable":true,"href":"https:\/\/mirelyscreations.com\/woocommerce\/wp-json\/wp\/v2\/comments?post=424"}],"wp:featuredmedia":[{"embeddable":true,"href":"https:\/\/mirelyscreations.com\/woocommerce\/wp-json\/wp\/v2\/media\/1113"}],"wp:attachment":[{"href":"https:\/\/mirelyscreations.com\/woocommerce\/wp-json\/wp\/v2\/media?parent=424"}],"wp:term":[{"taxonomy":"product_brand","embeddable":true,"href":"https:\/\/mirelyscreations.com\/woocommerce\/wp-json\/wp\/v2\/product_brand?post=424"},{"taxonomy":"product_cat","embeddable":true,"href":"https:\/\/mirelyscreations.com\/woocommerce\/wp-json\/wp\/v2\/product_cat?post=424"},{"taxonomy":"product_tag","embeddable":true,"href":"https:\/\/mirelyscreations.com\/woocommerce\/wp-json\/wp\/v2\/product_tag?post=424"}],"curies":[{"name":"wp","href":"https:\/\/api.w.org\/{rel}","templated":true}]}}