{"id":324,"date":"2025-06-07T23:46:19","date_gmt":"2025-06-08T03:46:19","guid":{"rendered":"https:\/\/mirelyscreations.com\/woocommerce\/?post_type=product&#038;p=324"},"modified":"2026-02-15T18:01:39","modified_gmt":"2026-02-15T22:01:39","slug":"jabon-de-feromonas","status":"publish","type":"product","link":"https:\/\/mirelyscreations.com\/woocommerce\/shop\/jabon-de-feromonas\/","title":{"rendered":"Jab\u00f3n de Feromonas"},"content":{"rendered":"<p data-start=\"174\" data-end=\"458\"><strong data-start=\"174\" data-end=\"214\">Jab\u00f3n de Feromonas Atracci\u00f3n Natural<\/strong><br data-start=\"214\" data-end=\"217\" \/>Descubre el poder de la atracci\u00f3n con nuestro exclusivo jab\u00f3n de feromonas. Una combinaci\u00f3n \u00fanica de aceites arom\u00e1ticos y feromonas naturales que despiertan los sentidos y elevan tu presencia con un halo de confianza, sensualidad y misterio.<\/p>\n<p data-start=\"460\" data-end=\"860\"><strong data-start=\"460\" data-end=\"475\">Beneficios:<\/strong><br data-start=\"475\" data-end=\"478\" \/>\ud83d\udcab Estimula la atracci\u00f3n y el magnetismo personal de forma sutil y natural.<br data-start=\"553\" data-end=\"556\" \/>\ud83d\udcab Su fragancia envolvente crea una experiencia sensorial irresistible, ideal para momentos especiales o para elevar tu d\u00eda a d\u00eda.<br data-start=\"686\" data-end=\"689\" \/>\ud83d\udcab Hidrata y suaviza la piel mientras deja un delicado aroma que perdura.<br data-start=\"762\" data-end=\"765\" \/>\ud83d\udcab Ideal para quienes desean sentirse seguros, seductores y en armon\u00eda con su energ\u00eda personal.<\/p>\n<p data-start=\"862\" data-end=\"1029\"><strong data-start=\"862\" data-end=\"883\">Recomendado para:<\/strong> uso nocturno o previo a una salida especial. Apto para todo tipo de piel. Ideal como un ritual de autocuidado para elevar tu energ\u00eda y presencia.<\/p>\n","protected":false},"excerpt":{"rendered":"<p data-start=\"460\" data-end=\"860\"><strong data-start=\"460\" data-end=\"475\">Beneficios:<\/strong><br data-start=\"475\" data-end=\"478\" \/>\ud83d\udcab Estimula la atracci\u00f3n y el magnetismo personal de forma sutil y natural.<br data-start=\"553\" data-end=\"556\" \/>\ud83d\udcab Su fragancia envolvente crea una experiencia sensorial irresistible, ideal para momentos especiales o para elevar tu d\u00eda a d\u00eda.<br data-start=\"686\" data-end=\"689\" \/>\ud83d\udcab Hidrata y suaviza la piel mientras deja un delicado aroma que perdura.<br data-start=\"762\" data-end=\"765\" \/>\ud83d\udcab Ideal para quienes desean sentirse seguros, seductores y en armon\u00eda con su energ\u00eda personal.<\/p>\n<p data-start=\"862\" data-end=\"1029\"><strong data-start=\"862\" data-end=\"883\">Recomendado para:<\/strong> uso nocturno o previo a una salida especial. Apto para todo tipo de piel. Ideal como un ritual de autocuidado para elevar tu energ\u00eda y presencia.<\/p>\n","protected":false},"featured_media":1114,"comment_status":"open","ping_status":"closed","template":"","meta":{"om_disable_all_campaigns":false,"_uag_custom_page_level_css":"","_monsterinsights_skip_tracking":false,"_monsterinsights_sitenote_active":false,"_monsterinsights_sitenote_note":"","_monsterinsights_sitenote_category":0},"product_brand":[],"product_cat":[22],"product_tag":[],"class_list":{"0":"post-324","1":"product","2":"type-product","3":"status-publish","4":"has-post-thumbnail","6":"product_cat-soaps","8":"first","9":"instock","10":"shipping-taxable","11":"purchasable","12":"product-type-simple"},"aioseo_notices":[],"uagb_featured_image_src":{"full":["https:\/\/i0.wp.com\/mirelyscreations.com\/woocommerce\/wp-content\/uploads\/2025\/08\/85922.jpg?fit=1920%2C2560&ssl=1",1920,2560,false],"thumbnail":["https:\/\/i0.wp.com\/mirelyscreations.com\/woocommerce\/wp-content\/uploads\/2025\/08\/85922.jpg?resize=280%2C280&ssl=1",280,280,true],"medium":["https:\/\/i0.wp.com\/mirelyscreations.com\/woocommerce\/wp-content\/uploads\/2025\/08\/85922.jpg?fit=300%2C400&ssl=1",300,400,true],"medium_large":["https:\/\/i0.wp.com\/mirelyscreations.com\/woocommerce\/wp-content\/uploads\/2025\/08\/85922.jpg?fit=768%2C1024&ssl=1",768,1024,true],"large":["https:\/\/i0.wp.com\/mirelyscreations.com\/woocommerce\/wp-content\/uploads\/2025\/08\/85922.jpg?fit=600%2C800&ssl=1",600,800,true],"1536x1536":["https:\/\/i0.wp.com\/mirelyscreations.com\/woocommerce\/wp-content\/uploads\/2025\/08\/85922.jpg?fit=1152%2C1536&ssl=1",1152,1536,true],"2048x2048":["https:\/\/i0.wp.com\/mirelyscreations.com\/woocommerce\/wp-content\/uploads\/2025\/08\/85922.jpg?fit=1536%2C2048&ssl=1",1536,2048,true],"mailpoet_newsletter_max":["https:\/\/i0.wp.com\/mirelyscreations.com\/woocommerce\/wp-content\/uploads\/2025\/08\/85922.jpg?fit=1320%2C1760&ssl=1",1320,1760,true],"woocommerce_thumbnail":["https:\/\/i0.wp.com\/mirelyscreations.com\/woocommerce\/wp-content\/uploads\/2025\/08\/85922.jpg?resize=247%2C247&ssl=1",247,247,true],"woocommerce_single":["https:\/\/i0.wp.com\/mirelyscreations.com\/woocommerce\/wp-content\/uploads\/2025\/08\/85922.jpg?fit=510%2C680&ssl=1",510,680,true],"woocommerce_gallery_thumbnail":["https:\/\/i0.wp.com\/mirelyscreations.com\/woocommerce\/wp-content\/uploads\/2025\/08\/85922.jpg?resize=100%2C100&ssl=1",100,100,true]},"uagb_author_info":{"display_name":"MCreations","author_link":"https:\/\/mirelyscreations.com\/woocommerce\/profile\/"},"uagb_comment_info":0,"uagb_excerpt":"Beneficios:\ud83d\udcab Estimula la atracci\u00f3n y el magnetismo personal de forma sutil y natural.\ud83d\udcab Su fragancia envolvente crea una experiencia sensorial irresistible, ideal para momentos especiales o para elevar tu d\u00eda a d\u00eda.\ud83d\udcab Hidrata y suaviza la piel mientras deja un delicado aroma que perdura.\ud83d\udcab Ideal para quienes desean sentirse seguros, seductores y en armon\u00eda con&hellip;","jetpack_sharing_enabled":true,"_links":{"self":[{"href":"https:\/\/mirelyscreations.com\/woocommerce\/wp-json\/wp\/v2\/product\/324","targetHints":{"allow":["GET"]}}],"collection":[{"href":"https:\/\/mirelyscreations.com\/woocommerce\/wp-json\/wp\/v2\/product"}],"about":[{"href":"https:\/\/mirelyscreations.com\/woocommerce\/wp-json\/wp\/v2\/types\/product"}],"replies":[{"embeddable":true,"href":"https:\/\/mirelyscreations.com\/woocommerce\/wp-json\/wp\/v2\/comments?post=324"}],"wp:featuredmedia":[{"embeddable":true,"href":"https:\/\/mirelyscreations.com\/woocommerce\/wp-json\/wp\/v2\/media\/1114"}],"wp:attachment":[{"href":"https:\/\/mirelyscreations.com\/woocommerce\/wp-json\/wp\/v2\/media?parent=324"}],"wp:term":[{"taxonomy":"product_brand","embeddable":true,"href":"https:\/\/mirelyscreations.com\/woocommerce\/wp-json\/wp\/v2\/product_brand?post=324"},{"taxonomy":"product_cat","embeddable":true,"href":"https:\/\/mirelyscreations.com\/woocommerce\/wp-json\/wp\/v2\/product_cat?post=324"},{"taxonomy":"product_tag","embeddable":true,"href":"https:\/\/mirelyscreations.com\/woocommerce\/wp-json\/wp\/v2\/product_tag?post=324"}],"curies":[{"name":"wp","href":"https:\/\/api.w.org\/{rel}","templated":true}]}}